the remainder when 420350 is divided by 2802?
50
What is the remainder when 177861 is divided by 956?
45
Calculate the remainder when 161248279 is divided by 8588.
8579
Calculate the remainder when 2183570 is divided by 39.
38
Calculate the remainder when 12244 is divided by 5656.
932
What is the remainder when 3356 is divided by 3046?
310
Calculate the remainder when 48610876 is divided by 9722175.
1
What is the remainder when 1236236 is divided by 12610?
456
What is the remainder when 470431 is divided by 156351?
1378
Calculate the remainder when 1069768 is divided by 2247.
196
Calculate the remainder when 149107 is divided by 2608.
451
Calculate the remainder when 1257528 is divided by 70.
48
Calculate the remainder when 572254 is divided by 10215.
214
What is the remainder when 3443708 is divided by 1147855?
143
What is the remainder when 7687037 is divided by 3843517?
3
What is the remainder when 148756 is divided by 478?
98
Calculate the remainder when 124277 is divided by 8266.
287
Calculate the remainder when 194209 is divided by 7907.
4441
What is the remainder when 539278 is divided by 179628?
394
Calculate the remainder when 16340 is divided by 1821.
1772
What is the remainder when 6791575 is divided by 142?
141
What is the remainder when 4371040 is divided by 546378?
16
Calculate the remainder when 137027258 is divided by 17.
16
What is the remainder when 25616063 is divided by 14?
11
What is the remainder when 617574 is divided by 2499?
321
Calculate the remainder when 723804 is divided by 2522.
2512
Calculate the remainder when 20940047 is divided by 144.
143
What is the remainder when 46914 is divided by 61?
5
Calculate the remainder when 305337 is divided by 17.
0
Calculate the remainder when 3791774 is divided by 2583.
2513
Calculate the remainder when 4480574 is divided by 12515.
204
Calculate the remainder when 4097672 is divided by 315204.
20
What is the remainder when 4027013 is divided by 6412?
277
Calculate the remainder when 1056 is divided by 1016.
40
What is the remainder when 20124653 is divided by 6708204?
41
What is the remainder when 43554819 is divided by 7259135?
9
Calculate the remainder when 19583313 is divided by 56436.
21
Calculate the remainder when 17386 is divided by 321.
52
Calculate the remainder when 119684547 is divided by 15.
12
What is the remainder when 31258 is divided by 107?
14
Calculate the remainder when 287828 is divided by 140032.
7764
Calculate the remainder when 1768424 is divided by 13397.
20
What is the remainder when 133255 is divided by 1051?
829
Calculate the remainder when 2273005 is divided by 1963.
1814
Calculate the remainder when 1777319 is divided by 445.
434
Calculate the remainder when 40631590 is divided by 1001.
1000
What is the remainder when 285953 is divided by 410?
183
What is the remainder when 2307632 is divided by 5174?
28
What is the remainder when 387009 is divided by 3086?
1259
What is the remainder when 766561 is divided by 97?
67
Calculate the remainder when 602932268 is divided by 5742212.
8
What is the remainder when 6874346 is divided by 33?
17
Calculate the remainder when 834509 is divided by 28775.
34
Calculate the remainder when 1777191 is divided by 35.
31
Calculate the remainder when 266433 is divided by 20488.
89
Calculate the remainder when 974815 is divided by 378.
331
What is the remainder when 21286 is divided by 1247?
87
What is the remainder when 3630123 is divided by 7160?
3
Calculate the remainder when 9685537 is divided by 54109.
26
Calculate the remainder when 290876793 is divided by 123.
120
What is the remainder when 4745959 is divided by 191?
182
Calculate the remainder when 1243991 is divided by 1243948.
43
What is the remainder when 71905 is divided by 35919?
67
Calculate the remainder when 19367 is divided by 79.
12
What is the remainder when 44658201 is divided by 6289?
12
Calculate the remainder when 36309 is divided by 1377.
507
What is the remainder when 139422 is divided by 27221?
3317
What is the remainder when 143254688 is divided by 47751558?
14
What is the remainder when 4575699 is divided by 159?
156
What is the remainder when 72419 is divided by 12043?
161
Calculate the remainder when 14693 is divided by 66.
41
What is the remainder when 93825 is divided by 1762?
439
What is the remainder when 27476839 is divided by 488?
487
What is the remainder when 305848 is divided by 81?
73
Calculate the remainder when 13034407 is divided by 547.
491
What is the remainder when 47757206 is divided by 1396?
46
Calculate the remainder when 30999 is divided by 14967.
1065
Calculate the remainder when 419706096 is divided by 14.
12
Calculate the remainder when 39244985 is divided by 6475.
10
Calculate the remainder when 3080857 is divided by 770212.
9
What is the remainder when 200861118 is divided by 160?
158
What is the remainder when 14415343 is divided by 701?
680
Calculate the remainder when 19295092 is divided by 21.
19
What is the remainder when 19169886 is divided by 2689?
5
Calculate the remainder when 14828999 is divided by 1369.
1360
Calculate the remainder when 11553898 is divided by 86223.
16
What is the remainder when 21845821 is divided by 616?
613
What is the remainder when 21679747 is divided by 1293?
16
What is the remainder when 253576375 is divided by 3180?
3175
What is the remainder when 8582846 is divided by 370?
326
Calculate the remainder when 2434300 is divided by 810930.
1510
Calculate the remainder when 2117361 is divided by 105.
36
Calculate the remainder when 4213641 is divided by 16524.
21
What is the remainder when 22405 is divided by 14969?
7436
What is the remainder when 23159973 is divided by 19?
18
Calculate the remainder when 288793 is divided by 1304.
609
What is the remainder when 1117975 is divided by 163?
121
What is the remainder when 11801160 is divided by 289?
134
Calculate the remainder when 269740 is divided by 87592.
6964
Calculate the remainder when 3963826 is divided by 792751.
71
What is the remainder when 5870003 is divided by 1635?
353
What is the remainder when 17999 is divided by 78?
59
Calculate the remainder when 2077363 is divided by 14.
1
What is the remainder when 80006096 is divided by 22?
16
Calculate the remainder when 21831595 is divided by 368.
363
What is the remainder when 566892 is divided by 283415?
62
What is the remainder when 283367 is divided by 111?
95
What is the remainder when 123909 is divided by 30971?
25
What is the remainder when 56675447 is divided by 497153?
5
What is the remainder when 51169277 is divided by 320?
317
What is the remainder when 1028010184 is divided by 1179?
1177
Calculate the remainder when 36404 is divided by 577.
53
What is the remainder when 396809 is divided by 13683?
2
What is the remainder when 572787 is divided by 35765?
547
What is the remainder when 50099 is divided by 1249?
139
What is the remainder when 3677481 is divided by 1225?
31
Calculate the remainder when 31813 is divided by 1178.
7
Calculate the remainder when 4500604 is divided by 3541.
3534
What is the remainder when 5681989 is divided by 5681976?
13
What is the remainder when 165960755 is divided by 8121?
8120
Calculate the remainder when 1328816 is divided by 3.
2
What is the remainder when 327626 is divided by 2662?
200
What is the remainder when 8515504 is divided by 663?
595
Calculate the remainder when 378388 is divided by 63024.
244
What is the remainder when 3176740 is divided by 37373?
35
Calculate the remainder when 3311213 is divided by 1103737.
2
Calculate the remainder when 626605 is divided by 1876.
21
What is the remainder when 1820571 is divided by 3?
0
What is the remainder when 10253039 is divided by 1175?
1164
What is the remainder when 693876 is divided by 173363?
424
What is the remainder when 95410 is divided by 47657?
96
Calculate the remainder when 160411 is divided by 156.
43
What is the remainder when 288841044 is divided by 72?
12
What is the remainder when 21140946 is divided by 71?
57
What is the remainder when 4868237 is divided by 2940?
2537
Calculate the remainder when 4255618 is divided by 3143.
3139
What is the remainder when 336594 is divided by 336291?
303
What is the remainder when 3938962 is divided by 8189?
53
What is the remainder wh